est common factor of g and x.
18
Let j(t) = 2*t**2 + 58*t + 111. Let l be j(-27). Suppose 2*q = -q. Suppose 3 = l*x, y - 35 = x - q*x. Calculate the greatest common divisor of 54 and y.
18
Let f be 0*(-3 + 2/1). Let p be 0/((-5)/(-5) - (f + 0)). Suppose -5*x - 3*b + p*b + 239 = 0, b - 194 = -4*x. What is the greatest common factor of 7 and x?
7
Let l = 20 + 4. Let s be ((-54)/81)/(2/(-117)). Let c = -27 + s. Calculate the highest common factor of l and c.
12
Suppose 1649000 = 452*s - 2772127 + 305215. Calculate the highest common factor of s and 232.
58
Let g be (-2)/(-4)*-40794*-1 + 4. What is the greatest common divisor of 23 and g?
23
Let l be (-32)/6*(-1332)/(-48)*27/(-4). Calculate the greatest common divisor of l and 81.
27
Let t = -345 + 357. Suppose -2 = t*z - 182. What is the highest common divisor of z and 90?
15
Let n(z) = z**3 + 21*z**2 + 64*z - 60. Let c be n(-17). What is the highest common divisor of c and 1124?
4
Suppose 9*k = 13 + 5. Suppose 2*a + 0*a = -4*y + 156, -4*a = k*y - 288. What is the highest common factor of 14 and a?
14
Suppose 2*t = -2*s - 24, 3*s + 14*t + 32 = 13*t. Let o be (-70)/4*24/s. What is the highest common factor of o and 504?
42
Let v be (81/108)/(9/(-12) - 0)*-280. What is the greatest common divisor of v and 960?
40
Let b(j) = -18*j + 1. Let d be b(-3). Let i be (-1)/(20/8 + -3). Suppose 9*o - 4*o - i*x = 27, -5*x + 5 = 2*o. What is the highest common divisor of o and d?
5
Let d(c) = 12*c**2 - 140*c - 283. Let m be d(-2). What is the highest common factor of 1230 and m?
15
Let o = 23 - -9. Let b = -39 + o. Let i = b - -9. Calculate the highest common factor of 2 and i.
2
Let g(a) = 7*a - 77. Let x(u) = 7*u - 78. Let f(y) = 4*g(y) - 5*x(y). Let k be f(10). Calculate the highest common factor of 15 and k.
3
Suppose 112*i - 21*i = -20*i + 1110. What is the highest common factor of i and 416?
2
Let o be 34 - (30/6 + 1). Let r(h) = 6*h - 1. Let f be r(1). Suppose -u - 3*c = -19, -5*u - f = -2*c - 3*c. What is the greatest common divisor of u and o?
4
Suppose -o = -6 - 25. Suppose 2*y - o = 2*w + 33, -48 = -2*y - 2*w. Calculate the greatest common factor of y and 14.
14
Suppose 5*z + z = 30*z - 1152. Let n(w) = -9*w - 2. Let t be n(-2). What is the highest common divisor of z and t?
16
Let h be 345/(-1)*(12 + (-68)/5). Let b = 606 - h. Let p be -3 - -2 - -1*19. Calculate the greatest common factor of p and b.
18
Suppose -k = -4*f - 44, -9*f - 71 = -4*k - 8*f. Calculate the highest common divisor of k and 12176.
16
Suppose -762*x - 1672*x - 441*x + 1108665 - 116790 = 0. Suppose -30 = -h - h. Calculate the greatest common factor of h and x.
15
Let c = 350 + -840. Let k be (-25578)/c + (-6)/5. What is the highest common factor of 357 and k?
51
Let j = 348 + -216. Let i be (75/(-10))/((-9)/j). Let p = 114 - i. Calculate the greatest common divisor of 8 and p.
4
Suppose -3*w + 10*l + 417 = 7*l, w + 5*l - 115 = 0. Suppose 159*o - 162*o = -w. What is the highest common factor of 36 and o?
9
Suppose 0 = -703*s + 664*s + 3549. Calculate the greatest common factor of s and 156.
13
Suppose 4*a = 227 + 97. Let f = -6 + 7. Let c be 9*-3*(0 - f). Calculate the highest common factor of a and c.
27
Let s be ((-165)/(-275))/(13/(-40560)*-3). Let l = 185 + -68. What is the greatest common divisor of l and s?
39
Suppose -3*s + 468 = 5*t, 23*t + 180 = 25*t + 3*s. What is the highest common divisor of t and 432?
48
Suppose 3*f + 3*d = 99, 3*d + 0*d - 68 = -2*f. Let u = -10732 + 10825. Calculate the highest common factor of u and f.
31
Let y = -3962 - -4032. Calculate the greatest common factor of 2555 and y.
35
Let p(g) = -2*g - 32. Let n be p(-18). Suppose -n*z - 2*u = -4294, u - 1068 = -z + 6*u. Calculate the greatest common divisor of 37 and z.
37
Let y(r) = -4*r**3 + 2*r**2 + 5*r - 5. Let b be y(-3). Suppose 1259 = 5*a - b. What is the greatest common factor of a and 39?
39
Let f = 8543 - 8439. Calculate the greatest common divisor of 5928 and f.
104
Let d be 360/84 - 2/7. Suppose d*n - 115 = -87. What is the highest common factor of n and 119?
7
Let g = 196 - 197. Let s be g/(-1) + (-2)/((-6)/417). What is the highest common divisor of 56 and s?
28
Let s be 8/5 + (-7952)/(-355). What is the highest common factor of 18 and s?
6
Suppose 5*h + 7 = 2. Let t(o) = -31*o**3 + o + 2. Let i be t(h). Suppose 2 + 13 = 3*w, -2*x - 4*w + i = 0. Calculate the greatest common factor of 48 and x.
6
Let o be 2751 - -2*(33/(-66))/((-1)/4). Calculate the greatest common factor of o and 29.
29
Suppose -4*q - 257 = -269. Suppose 8*p - 2772 = -q*p. Calculate the highest common factor of 56 and p.
28
Let b(p) = -p. Let x be b(-3). Let h(c) = -10*c**3 - 662*c**2 - 146*c - 912. Let z be h(-66). Calculate the greatest common factor of z and x.
3
Suppose 0 = 8*g - 8 - 8. Suppose r - 36 = 4*h, 7*h - g*h = -2*r + 137. What is the highest common factor of 8 and r?
8
Let b(i) = 52*i**2 - 8*i - 72. Let u be b(-3). Calculate the highest common factor of 5145 and u.
105
Let i be (-105)/(-10)*8/12. Suppose -r + 8 + 4 = -3*g, -5*r = -5*g - 20. Suppose -3 + 5 = -2*u, r = 4*f + u - 55. What is the greatest common factor of i and f?
7
Let n be 0 + 1 + 1 + -90. Suppose x + 64 - 72 = 0. Let q be -10 + x - n/2. What is the greatest common factor of 6 and q?
6
Let b = -2788 - -2811. Suppose -3*j + 4*x + 60 = 0, -j + 2*x + 3*x = -31. Let q = 53 + j. What is the greatest common divisor of q and b?
23
Let k be -6*(-3 + 22/6). Let u be -1*(-3 - k) + 3. Let d be 3 + (101/u - (-5)/10). What is the highest common factor of d and 6?
6
Suppose 4 = 5*h - 3*o - 31, 0 = 4*h + 2*o - 6. Let b = h - -57. Suppose 2*x = -19 + b. What is the highest common divisor of x and 3?
3
Let m = -17684 - -17695. Calculate the highest common factor of m and 4609.
11
Let r(m) = m**3 + 3*m**2 - 5*m - 1. Let u be r(-4). Suppose s - 4*k = -3*s + 628, -u*s - 2*k = -486. What is the greatest common factor of 40 and s?
40
Let h = -17427 - -17699. Suppose -96 = -0*t - 2*t. What is the greatest common factor of h and t?
16
Let h be (-5 + 0)*(96/(-20) + 4). Let z(a) = -a**3 - 25*a**2 - 14*a - 18. Let c be z(-25). What is the greatest common divisor of c and h?
4
Let i = -228 + 193. Let n = i + 83. What is the greatest common divisor of n and 8?
8
Let z(q) = q**3 - 29*q**2 - 27*q + 67. Let j be z(30). Let m = 297 - j. What is the greatest common factor of m and 35?
35
Let d(x) = x**2 + 5*x - 5. Let z be d(-5). Let b be ((-24)/z)/(3/70). What is the greatest common factor of b and 70?
14
Let b be (-128)/(-13) - ((-12)/(-39))/(-2). Suppose b*h - 950 = 1300. What is the highest common divisor of 25 and h?
25
Suppose 256 - 48 = 4*k. Suppose 7 + 9 = -4*n, -64 = -2*a + 2*n. Suppose 56*h = k*h + a. What is the greatest common divisor of h and 56?
7
Suppose f + 3*d - 753 = -0*d, 5*f = 2*d + 3748. Suppose -25*j + 15*j + f = 0. What is the highest common factor of 30 and j?
15
Let k be 10/(-75)*-81 - (-3)/15. Calculate the greatest common divisor of 2079 and k.
11
Suppose -2*v - 3*q = -8*q - 10, 0 = -5*q. Let y be 6*2/6 + 53. Calculate the greatest common divisor of y and v.
5
Let l(s) = s + s**2 + 22 + 3*s**2 - 32 - 4*s**2 + s**2. Let o be l(-6). Calculate the greatest common divisor of 10 and o.
10
Suppose -66*q + 1561 = 637. Calculate the highest common factor of q and 41.
1
Let i(s) = 17365*s + 202. Let o be i(2). What is the greatest common divisor of o and 12?
12
Let n be 15 - 18/(-1 - 5). Suppose -8*a + n = -5*a. Suppose -18*d = -13*d - 150. Calculate the highest common factor of a and d.
6
Let s(j) = -j**3 - 26*j**2 - 121*j - 37. Let p be s(-21). What is the greatest common divisor of 208 and p?
13
Let f be ((-8)/(-2))/((-52)/(-130)). Let l = -29 + 104. Suppose 15*b - l = f*b. What is the highest common factor of 10 and b?
5
Suppose -w = 4*i + 235, i - 4*w - 100 = 3*i. Let v = i + 94. Let f be 44/(-6)*(-4896)/528. Calculate the greatest common factor of v and f.
34
Suppose -4389 = -46*w + 39*w. Let n be 3*-10*-2 + -22 + 19. Calculate the highest common divisor of w and n.
57
Let t be 2/(-5) - 152*(-136)/80. Let d = t - 189. What is the highest common factor of 138 and d?
69
Let c be (110/24)/((-49)/(-588)). What is the greatest common divisor of 10516 and c?
11
Suppose 23*w - 9*w - 307320 = -16*w. Wha